{"id":124,"date":"2025-03-13T22:42:17","date_gmt":"2025-03-13T22:42:17","guid":{"rendered":"https:\/\/www.gric-it.com\/?page_id=124"},"modified":"2025-04-08T11:41:18","modified_gmt":"2025-04-08T11:41:18","slug":"coaching-wissensvermittlung","status":"publish","type":"page","link":"https:\/\/www.gric-it.com\/?page_id=124","title":{"rendered":"Coaching &amp; Wissensvermittlung"},"content":{"rendered":"\n<h3 class=\"wp-block-heading\">Wissensvermittlung<\/h3>\n\n\n\n<p>Sie haben ein IT-Team, und m\u00f6chten geeignete Kandidaten identifizieren und qualifizieren?<\/p>\n\n\n\n<p>Wir stehen unterst\u00fctzend zur Seite und coachen passende Mitarbeitende ihres Unternehmens f\u00fcr Rollen in der IT- und Informationssicherheit, bis hin zum Information-Sicherheits-Beauftragten. <\/p>\n\n\n\n<p>Gerne begleiten wir ihre Mitarbeitenden in kleineren und gr\u00f6\u00dferen Projekten, wie auch der Implementierung eines ma\u00dfgeschneiderten Informations-Sicherheits-Management-Systems (ISMS) als grundlegendes Fundament ihrer Sicherheitsorganisation.<\/p>\n\n\n\n<p><\/p>\n","protected":false},"excerpt":{"rendered":"<p>Wissensvermittlung Sie haben ein IT-Team, und m\u00f6chten geeignete Kandidaten identifizieren und qualifizieren? Wir stehen unterst\u00fctzend zur Seite und coachen passende Mitarbeitende ihres Unternehmens f\u00fcr Rollen in der IT- und Informationssicherheit, &#8230;<\/p>\n","protected":false},"author":2,"featured_media":0,"parent":0,"menu_order":0,"comment_status":"closed","ping_status":"closed","template":"template-fullwidth.php","meta":{"footnotes":""},"class_list":["post-124","page","type-page","status-publish","hentry"],"_links":{"self":[{"href":"https:\/\/www.gric-it.com\/index.php?rest_route=\/wp\/v2\/pages\/124","targetHints":{"allow":["GET"]}}],"collection":[{"href":"https:\/\/www.gric-it.com\/index.php?rest_route=\/wp\/v2\/pages"}],"about":[{"href":"https:\/\/www.gric-it.com\/index.php?rest_route=\/wp\/v2\/types\/page"}],"author":[{"embeddable":true,"href":"https:\/\/www.gric-it.com\/index.php?rest_route=\/wp\/v2\/users\/2"}],"replies":[{"embeddable":true,"href":"https:\/\/www.gric-it.com\/index.php?rest_route=%2Fwp%2Fv2%2Fcomments&post=124"}],"version-history":[{"count":1,"href":"https:\/\/www.gric-it.com\/index.php?rest_route=\/wp\/v2\/pages\/124\/revisions"}],"predecessor-version":[{"id":126,"href":"https:\/\/www.gric-it.com\/index.php?rest_route=\/wp\/v2\/pages\/124\/revisions\/126"}],"wp:attachment":[{"href":"https:\/\/www.gric-it.com\/index.php?rest_route=%2Fwp%2Fv2%2Fmedia&parent=124"}],"curies":[{"name":"wp","href":"https:\/\/api.w.org\/{rel}","templated":true}]}}